{"id":385,"date":"2021-07-08T01:26:28","date_gmt":"2021-07-08T01:26:28","guid":{"rendered":"https:\/\/camara-caczf.com\/?page_id=385"},"modified":"2024-08-07T14:58:45","modified_gmt":"2024-08-07T14:58:45","slug":"convenio-con-wfzo","status":"publish","type":"page","link":"https:\/\/camara-caczf.com\/index.php\/convenio-con-wfzo\/","title":{"rendered":"Convenio con la Organizaci\u00f3n Mundial de Zonas Francas (WFZO)"},"content":{"rendered":"\t\t<div data-elementor-type=\"wp-page\" data-elementor-id=\"385\" class=\"elementor elementor-385\">\n\t\t\t\t\t\t<section class=\"elementor-section elementor-top-section elementor-element elementor-element-0cf6728 elementor-section-boxed elementor-section-height-default elementor-section-height-default\" data-id=\"0cf6728\" data-element_type=\"section\" data-e-type=\"section\">\n\t\t\t\t\t\t<div class=\"elementor-container elementor-column-gap-default\">\n\t\t\t\t\t<div class=\"elementor-column elementor-col-100 elementor-top-column elementor-element elementor-element-b920483\" data-id=\"b920483\" data-element_type=\"column\" data-e-type=\"column\">\n\t\t\t<div class=\"elementor-widget-wrap elementor-element-populated\">\n\t\t\t\t\t\t<div class=\"elementor-element elementor-element-da75a4d elementor-widget elementor-widget-heading\" data-id=\"da75a4d\" data-element_type=\"widget\" data-e-type=\"widget\" data-widget_type=\"heading.default\">\n\t\t\t\t<div class=\"elementor-widget-container\">\n\t\t\t\t\t<h2 class=\"elementor-heading-title elementor-size-default\">Las zonas francas mejoran su visibilidad internacional<\/h2>\t\t\t\t<\/div>\n\t\t\t\t<\/div>\n\t\t\t\t\t<\/div>\n\t\t<\/div>\n\t\t\t\t\t<\/div>\n\t\t<\/section>\n\t\t\t\t<section class=\"elementor-section elementor-top-section elementor-element elementor-element-1dce51a elementor-section-boxed elementor-section-height-default elementor-section-height-default\" data-id=\"1dce51a\" data-element_type=\"section\" data-e-type=\"section\">\n\t\t\t\t\t\t<div class=\"elementor-container elementor-column-gap-default\">\n\t\t\t\t\t<div class=\"elementor-column elementor-col-100 elementor-top-column elementor-element elementor-element-bae0c37\" data-id=\"bae0c37\" data-element_type=\"column\" data-e-type=\"column\">\n\t\t\t<div class=\"elementor-widget-wrap elementor-element-populated\">\n\t\t\t\t\t\t<div class=\"elementor-element elementor-element-528ccbe elementor-widget elementor-widget-text-editor\" data-id=\"528ccbe\" data-element_type=\"widget\" data-e-type=\"widget\" data-widget_type=\"text-editor.default\">\n\t\t\t\t<div class=\"elementor-widget-container\">\n\t\t\t\t\t\t\t\t\t<p>Mediante un acuerdo con la World Free Zones Organization World, la C\u00e1mara Argentina de Concesionarios de Zonas Francas facilita a sus miembros la construcci\u00f3n de una agenda de trabajo en com\u00fan y una mayor competitividad.<\/p><p>La C\u00e1mara Argentina de Concesionarios de Zonas Francas (CACZF) a trav\u00e9s de su presidente, Marcelo Leite celebr\u00f3 la firma del programa <em>All in One<\/em>. El mismo permitir\u00e1 que todas las zonas francas que sean parte de la c\u00e1mara autom\u00e1ticamente se unan a la World Free Zones Organization Word (FZO), y tengan acceso a la gama completa de servicios.<\/p><p>La FZO es una asociaci\u00f3n sin fines de lucro que agrupa m\u00e1s de 750 miembros de 139 pa\u00edses de todo el mundo y promueve una voz colectiva representando los intereses de las zonas francas alrededor del mundo. A su vez crea los mejores est\u00e1ndares de su clase que mejoran el panorama de mercados globales y locales; y lineamientos para el establecimiento y manejo de \u00e9stas.<\/p><p>Al unirse a la asociaci\u00f3n, la CACZF permitir\u00e1 a sus miembros acceder a nuevos servicios y mejorar la visibilidad internacional de las zonas francas de sus miembros. Esto lograr\u00e1 que las zonas francas nacionales atraigan a nuevos inversores y socios; adquirir conocimientos a trav\u00e9s de la formaci\u00f3n; intercambiar experiencias; y promover el pa\u00eds al mundo exterior, en beneficio del crecimiento y desarrollo econ\u00f3mico nacional.<\/p><p>En la jornada particip\u00f3 el Consejo Federal de Zonas Francas por medio de su representante, Alejandra Alonso, que tambi\u00e9n se adhiri\u00f3 a la firma del convenio.<\/p><p>Estuvieron presentes el CEO de la WFZO, Samir Hamrouni; la Oficina Regional Latam South a trav\u00e9s de su representante, Lisando Ganuza; Juan Opertti (Uruguay), director de la World Free Zones Organization; Francisco Heredia, vicepresidente de la C\u00e1mara Argentina de Concesionarios de Zonas Francas y Miguel \u00c1lvarez, miembro del mismo establecimiento.<\/p><p>&#8220;La coexistencia de los sectores p\u00fablico y privado, demuestra el inter\u00e9s colectivo de potencias a las zonas francas como un instrumento clave para la atracci\u00f3n de inversiones extranjeras y generadoras de puestos de trabajo genuino. Desde el Consejo estamos convencidos que es necesario aunar esfuerzos para transitar juntos el camino del crecimiento&#8221;, dijo Alejandra Alonso.<\/p><p>Por su parte, Marcelo Leite destac\u00f3 que &#8220;es un importante avance la firma del convenio que nos vincula con la WFZO, no s\u00f3lo por la dimensi\u00f3n que nos da a los operadores locales sino, y fundamentalmente, por el hecho que la WFZO ha permitido que este enlace involuce tambi\u00e9n al Consejo Federal de Zonas Francas en un momento muy particular donde estamos construyendo una agenda de trabajo en com\u00fan con los mismos objetivos: relanzamiento\u00a0 de las zonas francas dot\u00e1ndolas de competitividad para lograr insertarnos en el tablero regional. En ese sentido WFZO ser\u00e1 la fuente de estad\u00edsticas, experiencias, conocimiento, desempe\u00f1o y buenas pr\u00e1cticas que nos permitan modelizar la mejor herramienta posible.&#8221;<\/p>\t\t\t\t\t\t\t\t<\/div>\n\t\t\t\t<\/div>\n\t\t\t\t\t<\/div>\n\t\t<\/div>\n\t\t\t\t\t<\/div>\n\t\t<\/section>\n\t\t\t\t<\/div>\n\t\t","protected":false},"excerpt":{"rendered":"<p>Las zonas francas mejoran su visibilidad internacional Mediante un acuerdo con la World Free Zones Organization World, la C\u00e1mara Argentina de Concesionarios de Zonas Francas facilita a sus miembros la construcci\u00f3n de una agenda de trabajo en com\u00fan y una mayor competitividad. La C\u00e1mara Argentina de Concesionarios de Zonas Francas (CACZF) a trav\u00e9s de su &hellip; <\/p>\n<p class=\"link-more\"><a href=\"https:\/\/camara-caczf.com\/index.php\/convenio-con-wfzo\/\" class=\"more-link\">Leer m\u00e1s<span class=\"screen-reader-text\"> \u00abConvenio con la Organizaci\u00f3n Mundial de Zonas Francas (WFZO)\u00bb<\/span><\/a><\/p>\n","protected":false},"author":1,"featured_media":0,"parent":0,"menu_order":0,"comment_status":"closed","ping_status":"closed","template":"","meta":{"om_disable_all_campaigns":false,"_monsterinsights_skip_tracking":false,"_monsterinsights_sitenote_active":false,"_monsterinsights_sitenote_note":"","_monsterinsights_sitenote_category":0,"footnotes":""},"class_list":["post-385","page","type-page","status-publish","hentry"],"_links":{"self":[{"href":"https:\/\/camara-caczf.com\/index.php\/wp-json\/wp\/v2\/pages\/385","targetHints":{"allow":["GET"]}}],"collection":[{"href":"https:\/\/camara-caczf.com\/index.php\/wp-json\/wp\/v2\/pages"}],"about":[{"href":"https:\/\/camara-caczf.com\/index.php\/wp-json\/wp\/v2\/types\/page"}],"author":[{"embeddable":true,"href":"https:\/\/camara-caczf.com\/index.php\/wp-json\/wp\/v2\/users\/1"}],"replies":[{"embeddable":true,"href":"https:\/\/camara-caczf.com\/index.php\/wp-json\/wp\/v2\/comments?post=385"}],"version-history":[{"count":54,"href":"https:\/\/camara-caczf.com\/index.php\/wp-json\/wp\/v2\/pages\/385\/revisions"}],"predecessor-version":[{"id":730,"href":"https:\/\/camara-caczf.com\/index.php\/wp-json\/wp\/v2\/pages\/385\/revisions\/730"}],"wp:attachment":[{"href":"https:\/\/camara-caczf.com\/index.php\/wp-json\/wp\/v2\/media?parent=385"}],"curies":[{"name":"wp","href":"https:\/\/api.w.org\/{rel}","templated":true}]}}